4 + (-20 + 41 - -17)
-26
Calculate 6 + -12 - (-10 + (-14 - -16)).
2
22 + -3 - (-2 - -24)
-3
What is (42 - 45) + (3 - 3 - 0) + 15?
12
Evaluate -11 + 14 - (3 + (1 - 3)).
2
-25 + 24 + 3 + (1 - 1) + -16
-14
Calculate -5 - (-10 + 17 + -8) - 5.
-9
Calculate 19 + (6 - -9) + -38.
-4
Evaluate (-8 - -10) + -5 + 1 - -6.
4
((-3 - -8) + -15 - -4) + 4
-2
Evaluate (-18 - -5) + (43 - 42) - 12.
-24
What is the value of 2 - ((2 - (15 + 5)) + 9)?
11
Evaluate 20 + -39 + -10 + 34 + 8.
13
What is (-172 - -183) + 1 + -44?
-32
What is 21 + 20 - (23 + -3)?
21
-13 + -5 + 3 + (-1 - 1)
-17
Evaluate 888 - 879 - (3 - 1 - 4).
11
What is 1 - 7 - (-30 - -40 - 18)?
2
What is the value of 2 + -2 - -21 - (-181 + 173)?
29
Calculate 5 + 0 - ((0 - 38) + 35).
8
What is -69 - -127 - 51 - (2 - (2 - 39))?
-32
What is the value of -19 - (1 + 17 - (-460 - -474))?
-23
Evaluate (15 - (5 + 2)) + -14 + -8.
-14
What is (-8 - (-4 + -2)) + 23 - 10?
11
Evaluate -4 + 1 + 5 + (10 - -5 - 5).
12
-35 + 22 - (-34 + 24)
-3
Evaluate (0 - -18) + -17 + -29 + 43.
15
What is the value of 5 + (-30 + -10 - -8) + 6?
-21
-2 - (9 + -11 + (7 - 2))
-5
Evaluate -6 + 15 - (175 - 155).
-11
Evaluate -4 - (22 + -11 - 13).
-2
Evaluate 3 + (5 - 2) + -3.
3
-7 - (23 - (-4 - (9 - 15)))
-28
Calculate 11 - (10 - (-12 + 1)).
-10
What is 4 - (-8 - (11 - 17) - -7)?
-1
What is the value of 26 - (-6 - -11) - 30?
-9
Calculate -3 - (34 - 34 - (4 + 5)).
6
What is 547 + -558 + -1 + 15?
3
(8 - -7) + -10 + 10 + -7
8
What is 5 + (-4 - -1 - 3 - 5)?
-6
(5 - (3 + (-4 - -13))) + (-5 - -21)
9
Calculate (31 - (6 + -3)) + -6.
22
What is the value of -41 + 20 + 20 + -15?
-16
What is (3 - 0) + 14 + -58 + 48?
7
What is (2 - 1) + -10 + 17 + -3?
5
Evaluate 1 + -5 + (0 - 26) - (-57 + 49).
-22
Evaluate -16 - 10 - -42 - 26.
-10
Evaluate -9 + (1 - 19 - -15).
-12
43 + -53 + (19 - 4)
5
(-227 - -227) + (4 + 1 - 2)
3
0 + 3 + 1 + -10 - -13
7
Calculate 3 + 0 + (2 + -1 - (2 - 4)).
6
Evaluate 15 - (16 + -7) - 8 - (1 + -4).
1
What is (2 - -3) + -2 + -1 + 4 + 2?
8
What is the value of (16 - -10) + -8 - ((6 - 6) + 0)?
18
Calculate -12 + -2 - (3 - (-9 - -6)).
-20
What is 2 + -2 - (4 + -32 + (20 - 0))?
8
What is 8 + (6 + -24 - -24)?
14
What is the value of 1 + 15 + -7 + -19?
-10
-72 - -35 - (-2 + -7)
-28
Calculate 1066 + -1078 + (-2 - (0 - 7)) + -2.
-9
(6 - (5 + -5)) + -5 + -1
0
Evaluate -17 + (3 - 2) + 697 + -689.
-8
Calculate -32 - -40 - -2 - (5 + -3).
8
Evaluate -48 - -28 - -32 - 15.
-3
0 - (4 - (17 + 7 + -6 + -7))
7
What is 9 - (-5 + (13 + 2 - 10))?
9
-5 + (29 - (-2 + (3 - 2)))
25
Calculate -10 + 20 + -1 + -3 + -29 + 6.
-17
Calculate -5 + -15 + 2 + -17 + (17 - -7).
-11
What is the value of (7 - (-3 - -3)) + (9 - 14) + 5?
7
Evaluate (1 - (10 - 19)) + -25.
-15
Evaluate -61 + 48 + -1 + (0 + -1 - -7).
-8
Calculate 0 + 34 - (-1868 - -1938).
-36
Evaluate (12 - (-9 + 9)) + -6 - 9.
-3
-1 + (16 - 14 - -6 - 0)
7
What is the value of (-9 + -21 + 11 - -12) + 11?
4
What is the value of -11 - (3 + -29 + 6)?
9
-7 + 11 + 12 + -12 + (-5 - 0)
-1
What is -58 + 68 + (-4 - 9)?
-3
What is the value of -5 + 3 + (3 - 0 - (1 + 2))?
-2
What is the value of 6 + -9 - 8 - 12?
-23
What is the value of (4 - (7 - (2 + -5))) + -5?
-11
2388 + -2403 - ((1 - 1) + -21)
6
What is 9 - (5 + (-9 + 3 - 4) + 1)?
13
Evaluate 16 - (14 + -7 - -11).
-2
Calculate 41 + -6 + -49 - (12 - 1).
-25
What is the value of -27 - (-4 + (-7 - 12))?
-4
What is the value of (-7 - 2) + (-102 - -113)?
2
9 + -8 + 6 + (-3 - 17)
-13
What is 13 - 3 - (-8 + 19)?
-1
What is the value of 5 + (6 - 10) + 2 + 9 - 4?
8
(14 - (0 - -5 - (25 + -30))) + -13
-9
Calculate 1 + -1 - ((-9 - (11 + -22)) + 7).
-9
What is the value of (3 - (-1 - -6)) + 17 + -11?
4
Calculate 23 - (10 + -6 + 6).
13
Calculate -363 - -362 - (-3 + -1).
3
6 + (3 - 10 - (2 + -14))
11
0 - (-11 + -5) - 8 - 19
-11
What is 16 - (5 + -6 + 3 - -10) - -23?
27
Calculate -20 + (5 - ((-1 - 5) + 9 + 5)).
-23
Calculate (-32 + 16 - -27) + 8 + -1.
18
What is (10 - -2) + (-18 - -18)?
12
1 + -25 + -521 + 523
-22
Calculate 0 + 1 + (9 - (-6 + 7)) + -13.
-4
40 - (-18 + 40) - (-2 - -11)
9
What is the value of 1 + -6 + 17 + -30 + -4?
-22
Evaluate 10 - (2 - (-2 - (-2 - -3 - -1))).
4
5 - (0 + (-6 - (-14 + 4)) + -7)
8
(-5 - -8) + (-2 - -2)
3
What is -76 + 51 - (-15 - -4) - (-2 - 2)?
-10
Evaluate (2 + (11 - 14) - (4 + -4)) + -4.
-5
What is (-8 - (16 - 39)) + -6 + 7 + 1?
17
Calculate (-18 - (-5 + -1)) + 10 - (0 + -1).
-1
Evaluate -31 + 75 + -14 - 34.
-4
Evaluate 3 + (10 - 18) - (1 - (-1 - -13)).
6
Calculate -10 + -25 + 25 - 12.
-22
What is the value of 7 + -17 - (-17 + -4 - (13 - 10))?
14
Calculate (1 - 1) + -17 + 1.
-16
What is the value of -21 + 15 + -8 + (3 - 1 - -3)?
-9
Evaluate 11 + (35 - (-21 - -89)).
-22
What is 0 - (-6 + (-3 - 16))?
25
Evaluate 13 + -20 + (21 - (-11 + -5 + 11)).
19
What is -7 + 41 + -11 + 3?
26
(-10 - (-3 - 1)) + -3 - (-4 - -8)
-13
Calculate 12 + -9 + 2 + (-8 - -6) + 6.
9
What is the value of -11 - (15 - 10 - 13) - -7?
4
What is the value of 0 + -1 + 0 + -1 + (2 - 1)?
-1
What is 0 + 6 + (60 - 65) - -4 - -10?
15
What is the value of 28 - (-8 - -23) - -7?
20
Evaluate 2 - (-5 - 0 - 8) - (5 - 1).
11
Calculate (24 - 19) + (-31 - 0).
-26
What is the value of -3 + 5 + -9 + (11 - 3) - 2?
-1
What is (15 - 47) + 8 + 12?
-12
Calculate -37 + 30 - (2 + 0 + -1).
-8
What is the value of (-14 - 2 - -1) + (5 - -2)?
-8
Evaluate -5 + (-14 + 7 - -8) - 2.
-6
What is the value of 13 - (26 - -4 - (2 - 2))?
-17
What is (51 - (7 - (-1 + 2))) + (-24 - -13)?
34
Evaluate 20 - (11 + (-2 - -20)).
-9
Evaluate 15 - (23 - 14) - -5.
11
What is the value of 4 - 9 - (-1 + (-12 - -6) + 6)?
-4
4 - (12 + -7 - (1 - 9))
-9
What is -16 + 8 - -15 - 8 - (0 - -5)?
-6
What is 14 - 12 - ((6 - 3 - 3) + -5)?
7
Evaluate -3 + 2 + (19 + -10 - 26) - 6.
-24
(-6 + -1 - -18 - 14) + 2
-1
Evaluate 20 + (3 - -12) + -31.
4
What is the value of (0 + -9 - (1 + (9 - -2))) + -8?
-29
What is the value of 0 - (-4 - -8 - (12 + -8))?
0
Evaluate -1 + -17 + 0 - (286 - 282).
-22
What is (3 + -2 - 0) + (-16 - (2 + -6))?
-11
Evaluate 7 - -14 - (-27 + 40).
8
Calculate -7 - (-1 - (3 - -3)) - 8.
-8
Calculate 3 + -5 - (24 - (18 - -4)).
-4
Calculate -1 + 5 + -23 + -8 + 22.
-5
What is the value of 15 - (16 - -3) - (-2 + 9)?
-11
Calculate 4 + (2 - (-8 + 14 - 5)).
5
Evaluate 10 - (9 + (-4 - -7) + -10).
8
What is -10 + (-3 - 4) - -14?
-3
What is 5 + (-16 + 4 - -3)?
-4
Evaluate (-1 - (-9 - -6)) + -18.
-16
Calculate (8 - 1) + (6 - (-7 - -16 - 7)).
11
What is the value of 5 - (-6 + 13) - (5 + -4 + -3)?
0
Calculate 5 - (11 - 14 - (0 - (3 + -1))).
6
16 + -27 + 3 + 3
-5
What is -14 + 3 + -11 + 13?
-9
Calculate -10 + 13 + -12 - -38 - (0 - 0).
29
What is the value of -39 + 31 - (-1 + -7)?
0
Calculate 46 + -38 - (-5 - (-30 + -2)).
-19
What is the value of 8 - (-6 + 14 + -5 + 2)?
3
Evaluate -4 + (31 - 54) - -19.
-8
What is 692 - 681 - (-1 - (0 + -1 + 2))?
13
Calculate 4 + 9 + -7 + -4 + -12.
-10
What is the value of (-10 - -6) + 6 + (-1 + 2 - 1)?
2
Evaluate -3 + -6 + (-4 - 4) + 10 + 17.
10
What is (8 - (14 - 14)) + (-10 - 1) - 1?
-4
12 + 8 + -5 + -4 + -34 + 35
12
4 + -12 - ((-29 - -12) + -6)
15
(18 - -11) + -17 + -5 + -3
4
What is -4 + 4 + 26 - (-168 + 171)?
23
What is the value of -10 - ((-51 - -45) + (-3 - -9) + 0)?
-10
What is the value of 5 - ((-1 - -5) + 6)?
-5
What is (11 - (26 - 1)) + 7?
-7
(0 - (-3 - -3)) + -2 + 14 + -3
9
Evaluate (-7 - -9 - -16 - (19 - 10)) + 15.
24
Evaluate -8 + 7 + -14 - -17.
2
Evaluate (-5 - -38 - 1) + -14.
18
What is the value of 20 - (-1 + 15 + 4)?
2
Calculate (0 - 2 - (3 + -3)) + (-32 - -6).
-28
Evaluate 15 + -47 + (59 - 18).
9
What is the value of (36 + 3 + -12 - 4) + (11 - 7)?
27
Calculate 17 + (17 - 24) + -31.
-21
What is the value of -6 + -1 + 5 + (0 - -1) - 1?
-2
What is the value of -11 + 15 + (-10 - 6)?
-12
Calculate (-2 - 2) + 1 - (3 + -4).
-2
Evaluate (2 - -6 - (23 + -15)) + 10.
10
Evaluate (-21 - (-2 + 4)) + (-12 - (-8 - 3)).
-24
(13 - 8) + -8 + -1 + 6
2
What is 15 + -8 - -10 - 14?
3
Evaluate -69 + 114 + -6 + -14.
25
What is (10 - 9) + -9 - (-11 + -3)?
6
Evaluate (9 - (-2 - (23 - 24))) + (1 - 47).
-36
What is the value of 13 - (-3 - (-21 - -10)) - 10?
-5
What is the value of -7 - (0 - (29 + -9))?
13
-1 + 25 - (6 - (-4 - (-12 - -8)))
18
Calculate (16 - (15 - 16 - 15)) + -16.
16
What is 5 + -1 + (-292 - -299)?
11
What 